{"id":6501,"date":"2026-01-16T11:04:11","date_gmt":"2026-01-16T16:04:11","guid":{"rendered":"https:\/\/www.movidelnor.gob.ec\/web\/webepm\/?page_id=6501"},"modified":"2026-01-20T10:40:02","modified_gmt":"2026-01-20T15:40:02","slug":"plan-estrategico","status":"publish","type":"page","link":"https:\/\/movidelnor.gob.ec\/web\/webepm\/plan-estrategico\/","title":{"rendered":"Plan Estrat\u00e9gico"},"content":{"rendered":"\t\t<div data-elementor-type=\"wp-page\" data-elementor-id=\"6501\" class=\"elementor elementor-6501\" data-elementor-post-type=\"page\">\n\t\t\t\t<div class=\"elementor-element elementor-element-01a44f3 e-flex e-con-boxed e-con e-parent\" data-id=\"01a44f3\" data-element_type=\"container\" data-e-type=\"container\" data-settings=\"{&quot;background_background&quot;:&quot;classic&quot;}\">\n\t\t\t\t\t<div class=\"e-con-inner\">\n\t\t<div class=\"elementor-element elementor-element-fd179df e-con-full e-grid e-con e-child\" data-id=\"fd179df\" data-element_type=\"container\" data-e-type=\"container\">\n\t\t\t\t<div class=\"elementor-element elementor-element-868152f elementor-widget elementor-widget-heading\" data-id=\"868152f\" data-element_type=\"widget\" data-e-type=\"widget\" data-widget_type=\"heading.default\">\n\t\t\t\t\t<h2 class=\"elementor-heading-title elementor-size-default\">Plan Estrat\u00e9gico - Movildenor EP <\/h2>\t\t\t\t<\/div>\n\t\t\t\t<\/div>\n\t\t\t\t\t<\/div>\n\t\t\t\t<\/div>\n\t\t<div class=\"elementor-element elementor-element-faf8470 e-flex e-con-boxed e-con e-parent\" data-id=\"faf8470\" data-element_type=\"container\" data-e-type=\"container\">\n\t\t\t\t\t<div class=\"e-con-inner\">\n\t\t\t\t<div class=\"elementor-element elementor-element-36609cb elementor-widget elementor-widget-text-editor\" data-id=\"36609cb\" data-element_type=\"widget\" data-e-type=\"widget\" data-widget_type=\"text-editor.default\">\n\t\t\t\t\t\t\t\t\t<div class=\"box\">\n \nEn el marco de la <strong>planificaci\u00f3n institucional<\/strong> y el fortalecimiento\nde la <strong>gesti\u00f3n p\u00fablica<\/strong>, la Empresa P\u00fablica de Movilidad del Norte,\n<strong>Movidelnor EP<\/strong>, pone a disposici\u00f3n de la ciudadan\u00eda su\n<strong>Plan Estrat\u00e9gico Institucional<\/strong>, instrumento que orienta la toma de\ndecisiones, la optimizaci\u00f3n de recursos y el cumplimiento de los objetivos\ninstitucionales.\n\nEste documento define la visi\u00f3n, misi\u00f3n, ejes estrat\u00e9gicos, programas y acciones\nprioritarias que gu\u00edan el accionar de la instituci\u00f3n, con enfoque en la movilidad\nsegura, la eficiencia operativa y el servicio a la ciudadan\u00eda.\n<div class=\"box-download\"><a class=\"box-download-btn\" href=\"https:\/\/www.movidelnor.gob.ec\/web\/webepm\/wp-content\/uploads\/2026\/01\/PEI-EPM-2022-2026-01-Plan-Estrategico-Institucional-EPM.pdf\" target=\"_blank\" rel=\"noopener\">\n<i class=\"fas fa-file-pdf\"><\/i>\nDescargar Plan Estrat\u00e9gico Institucional\n<\/a><\/div>\n<br>\n<a href=\"https:\/\/www.movidelnor.gob.ec\/web\/webepm\/wp-content\/uploads\/2026\/01\/PEI-EPM-2022-2026-01-Plan-Estrategico-Institucional-EPM.pdf\" class=\"pdfemb-viewer\" style=\"\" data-width=\"max\" data-height=\"max\" data-toolbar=\"bottom\" data-toolbar-fixed=\"off\">PEI EPM 2022-2026 01 Plan Estrat\u00e9gico Institucional EPM<\/a>\n<\/div>\t\t\t\t\t\t\t\t<\/div>\n\t\t\t\t\t<\/div>\n\t\t\t\t<\/div>\n\t\t\t\t<\/div>\n\t\t","protected":false},"excerpt":{"rendered":"<p>Plan Estrat\u00e9gico &#8211; Movildenor EP En el marco de la planificaci\u00f3n institucional y el fortalecimiento de la gesti\u00f3n p\u00fablica, la Empresa P\u00fablica de Movilidad del Norte, Movidelnor EP, pone a disposici\u00f3n de la ciudadan\u00eda su Plan Estrat\u00e9gico Institucional, instrumento que orienta la toma de decisiones, la optimizaci\u00f3n de recursos y el cumplimiento de los objetivos [&hellip;]<\/p>\n","protected":false},"author":3,"featured_media":0,"parent":0,"menu_order":0,"comment_status":"closed","ping_status":"closed","template":"elementor_header_footer","meta":{"footnotes":""},"class_list":["post-6501","page","type-page","status-publish","hentry"],"aioseo_notices":[],"_links":{"self":[{"href":"https:\/\/movidelnor.gob.ec\/web\/webepm\/wp-json\/wp\/v2\/pages\/6501","targetHints":{"allow":["GET"]}}],"collection":[{"href":"https:\/\/movidelnor.gob.ec\/web\/webepm\/wp-json\/wp\/v2\/pages"}],"about":[{"href":"https:\/\/movidelnor.gob.ec\/web\/webepm\/wp-json\/wp\/v2\/types\/page"}],"author":[{"embeddable":true,"href":"https:\/\/movidelnor.gob.ec\/web\/webepm\/wp-json\/wp\/v2\/users\/3"}],"replies":[{"embeddable":true,"href":"https:\/\/movidelnor.gob.ec\/web\/webepm\/wp-json\/wp\/v2\/comments?post=6501"}],"version-history":[{"count":14,"href":"https:\/\/movidelnor.gob.ec\/web\/webepm\/wp-json\/wp\/v2\/pages\/6501\/revisions"}],"predecessor-version":[{"id":7433,"href":"https:\/\/movidelnor.gob.ec\/web\/webepm\/wp-json\/wp\/v2\/pages\/6501\/revisions\/7433"}],"wp:attachment":[{"href":"https:\/\/movidelnor.gob.ec\/web\/webepm\/wp-json\/wp\/v2\/media?parent=6501"}],"curies":[{"name":"wp","href":"https:\/\/api.w.org\/{rel}","templated":true}]}}